 Let w(h) be the first derivative of h**4/8 + h**3/2 - h**2/2 + 1. Let t(a) be the second derivative of w(a). Determine t(o).
-6
Let w(d) be the first derivative of -d**3/3 + d**2 - 2*d - 9. Give w(3).
-5
Let o(x) = 3 + 0 + 2 - x + 7. Let y(c) = -c**2 + 5*c - 5. Let p be y(4). Let n be (-1)/(p - 0)*5. Give o(n).
7
Let v(m) = -m**3 - 5*m**2 + 6*m - 5. Let h(g) = g**2 - g + 1. Let k(p) = -3*h(p) - v(p). Let a be (6/(-9))/((-4)/(-18)). What is k(a)?
2
Let r(j) = 2*j**3 - 4*j**2 - 2*j + 3. Let a be (-1)/(-2) + (35/10 - 1). What is r(a)?
15
Let a(d) = 7*d**2 - 8*d + 5. Let o(v) = 6*v**2 - 7*v + 4. Let l(i) = -4*a(i) + 5*o(i). Determine l(3).
9
Let j(d) = 10*d**3 - 4*d**2 - 4*d - 21. Suppose 4*u + 0 = o - 13, 0 = 2*o - 4*u - 6. Let k(v) = -3*v**3 + v**2 + v + 7. Let b(s) = o*k(s) - 2*j(s). Give b(0).
-7
Let k(w) = 2*w**3 - 2*w**2 - 3*w + 3. Let f(n) = n**3 - 21*n**2 + 19*n + 22. Let m be f(20). Give k(m).
5
Let v(i) = i**2 + i + 1. Let s(n) = 5*n**2 - 2*n - 3. Let o(p) = -s(p) - 2*v(p). What is o(-1)?
-6
Let k(l) = -2*l - 4. Let b = -16 + 12. Give k(b).
4
Let s(n) be the second derivative of n**4/12 + n**3/2 - 5*n**2/2 - n. Let g be 0/(4 + (2 - 5)). Suppose 0 = o - g*o + 5. Calculate s(o).
5
Let q(r) = -r - 2. Suppose 0 = -2*c - 4*t + 20, 9 + 6 = 3*t. Suppose c = -5*a + 2*a - 6. Give q(a).
0
Let d(k) = -k**2 - 5*k - 4. Let n = -6 - -1. Let v be d(n). Let a(i) = -23*i - 9. Let l(p) = 8*p + 3. Let b(j) = v*a(j) - 11*l(j). Give b(-3).
-9
Let d(x) = -x**3 - x**2 - 8. Suppose -o + 7*o + 4*o = 0. Calculate d(o).
-8
Let c(i) = -i**3 - 2*i**2 + 1. Let w(s) = s**2 - 2*s - 1. Let r be w(-2). Let v be r/3 + (-4)/(-6). Suppose 1 + 2 = v*d. Give c(d).
-2
Let k be -1*1 - (11 + -8). Let p be -1 - k - 2*3. Let j(s) = s + 2. Determine j(p).
-1
Let c(h) = -h - 2. Let g(o) = 10*o**3 - o**2 + 2*o - 1. Let x be g(1). Let v = x - 4. Calculate c(v).
-8
Let a(z) be the second derivative of -z**4/12 + z**3 - 3*z**2 - 10*z. Let k = -1 + 4. Let w = k + 2. What is a(w)?
-1
Let d(c) = c**2 - 10*c + 3. Let a be d(10). Let z(l) = -2 + l**a + 0*l**3 + 0*l**3 + l**2 + 9. Let s be -1 + (1 - (-2 - -2)). Calculate z(s).
7
Let m = -19 + 17. Let l(z) = -4*z - 2. What is l(m)?
6
Let f(j) = j**2 - 4*j. Suppose -13 = -4*g - u + 4, -30 = -3*g + 5*u. What is f(g)?
5
Let p(k) = -3*k + 4. Let n = -25 - -29. Give p(n).
-8
Let f(z) = -z**2 + 4*z - 3. Let y(l) = l + 6. Let k be y(-6). Suppose k = -2*q - 0*q + 26. Suppose 5*b - j = -0*j + q, -5*j = -5*b + 5. Give f(b).
0
Suppose -5*g + 2*y = 17, 5*g = 4*g + 5*y - 8. Let z(q) = -q**3 - 4*q**2 - 2*q - 2. What is z(g)?
-5
Let s(b) = b. Let y = -121 - -127. Calculate s(y).
6
Let h(j) be the third derivative of j**6/720 - j**5/40 + j**4/8 - j**2. Let d(n) be the second derivative of h(n). What is d(5)?
2
Let u(q) = -5*q + 1. Let z(l) = l. Let c(x) = u(x) + 6*z(x). Give c(-5).
-4
Suppose 3*y - y + 6 = 0. Let q(u) = -u**3 - 2*u**2 - 3*u + 2. Let x(g) = g. Let i(c) = q(c) + 4*x(c). Calculate i(y).
8
Let z = 11 - 9. Let u(s) = -s**2 + 3*s - 1. Determine u(z).
1
Let z(f) = -f. Let r = -2 + 3. Let o(j) = -3*j + 1. Let a(i) = r*o(i) - 4*z(i). Give a(-2).
-1
Let d = 6 - 2. Let w = -22 - -29. Let x(c) = 8*c - 5. Let s(v) = 9*v - 5. Let f(r) = w*x(r) - 6*s(r). Calculate f(d).
3
Let j(a) = 12*a**2. Let y = -141 + 142. Calculate j(y).
12
Suppose 4*q + 11 + 1 = 0. Let d be (12 - 3)/(-3) + 7. Let b(i) = -2*i - d*i**3 + 5*i + 2 + 4*i**2 + 5*i**3. Give b(q).
2
Suppose 0 = 2*o - 3*b - 5, -5*o - 2*b = -0*b - 3. Let g = 7 - 1. Let j(i) = -5*i - i**2 - i**3 + 0*i**2 + g*i - i**2. Give j(o).
-2
Let q(r) = r - 1. Let d(v) = v**3 + 6*v**2 + 5*v + 6. Let i be d(-5). Determine q(i).
5
Let u(z) be the second derivative of z**5/20 - z**4/12 + 2*z**3/3 - 3*z**2/2 + 14*z. Give u(2).
9
Let y(v) = -v**3 - 9*v**2 + v + 5. Let r(z) = z**3 + 10*z**2 - 2*z - 6. Let n(p) = -4*r(p) - 5*y(p). Let h be (-3)/2*(-16)/(-6). Determine n(h).
3
Let u(l) = -l**3 - l + 2. Let f be 7/((-28)/(-8)) - 0. What is u(f)?
-8
Let z(m) = -m. Let s = 6 + 0. Determine z(s).
-6
Let k = 9 + -10. Let y(x) = -1 + 4*x - 2*x**2 + 2 - 2*x + 0*x. What is y(k)?
-3
Let s(q) be the third derivative of 0*q + 1/6*q**3 - 3*q**2 - 1/10*q**5 - 1/12*q**4 + 0. Determine s(1).
-7
Let k(x) = -7*x + 1 - 3*x + 2*x + 0. Give k(2).
-15
Let n = -1 - -3. Let i(d) = 0*d - d**2 - n - d + 4. Suppose 25 = 2*g + 5*x, -5*g + 4*x = -g + 20. Give i(g).
2
Let z(i) = -20*i**3 + 15*i**2 + 18*i + 6. Let b(p) = -7*p**3 + 5*p**2 + 6*p + 2. Let u(c) = -17*b(c) + 6*z(c). What is u(6)?
2
Let a = -4 + 6. Let f be (12/1)/(3/a). Let j(m) = m**3 + f - 2*m**3 - 5 + 6*m**2. Determine j(6).
3
Let j(y) = -2*y + 16. Let c(p) = -3*p + 23. Let w(o) = 5*c(o) - 7*j(o). Determine w(6).
-3
Let m = -4 - -5. Let q = 0 + m. Let k(t) = q + t + 0 + 0*t. Determine k(3).
4
Let s = 5 - 7. Let p be (s - 1)*(3 + -2). Let f(z) = z. Determine f(p).
-3
Let v = -4 + 6. Let d be (-21)/5 - v/(-10). Let f(o) = -o**2 - 2*o + 5. Determine f(d).
-3
Let s(g) = g**2 + 8*g + 5. Suppose 3*f + o - 18 = 4*o, 0 = f + 3*o + 2. Let p be (-68)/11 - f/(-22). Determine s(p).
-7
Let b(w) be the third derivative of -w**6/120 - w**5/12 - 5*w**4/24 + w**3/6 - 10*w**2 - 2. What is b(-4)?
5
Let n(m) = -9*m**3 - m**2 + m - 1. Let g = 102 + -101. Give n(g).
-10
Let h(c) be the first derivative of -3/2*c**4 + 1 - 1/3*c**3 - c - 1/2*c**2. Determine h(-1).
5
Let v(j) = -2*j - 10. Let k be v(-3). Let h(z) = -z - 6. Give h(k).
-2
Let d(n) = 0 + 7*n**2 - 6*n**2 + 4*n + 0 - 4. Let v = -5 - -4. Let o be 2*(-6)/(-4)*v. Determine d(o).
-7
Let n(z) = 7*z**3 + 5*z**2 + 2*z + 4. Let q(a) = 13*a**3 + 9*a**2 + 4*a + 7. Let m(t) = -11*n(t) + 6*q(t). Determine m(2).
6
Let q(f) = -f**2 + 6*f + 1. Let w = -60 - -65. Give q(w).
6
Let x(m) = 3*m**2 - 4*m + 2. Let t(s) = -s + 10. Let h be (-36)/(-4) - 0/1. Let o be t(h). Suppose 2*l + o = 5. Calculate x(l).
6
Suppose -5*c - 18 = 2. Let q(y) = y**2 - y + 2. Let w be q(0). Let z(i) = 3*i + 5*i**2 + i**3 + 6 + w*i + 0*i**3. Determine z(c).
2
Let o be (-208)/(-56) + (-4)/(-14). Let y(t) = -2 - o*t - 5 + 4*t + t. Give y(5).
-2
Let g = -17 + 10. Let c(d) = d**3 + 7*d**2 - 2*d - 7. Give c(g).
7
Let m be (5/10)/(1/8). Suppose -m*k - 4*j = 4, -5*k - 2*j = 4 - 8. Suppose w - k*w = 0. Let p(o) = o + 2. Calculate p(w).
2
Let c(z) = -2*z + 3. Suppose 9*j - 8*j + 5 = 0. What is c(j)?
13
Suppose 2*l = -8, -2*w + 0*w = -4*l - 16. Suppose 1 = -5*n - v, 0 = 4*v - v + 3. Let q(z) = w - 1 + z + n*z. Give q(-4).
-5
Let g(p) be the first derivative of 5/3*p**3 + 3/2*p**2 - 3*p + 1 + 1/4*p**4. What is g(-3)?
6
Let x(q) = -2*q + 25. Let h be 1/(2*(-1)/(-12)). Let d(o) be the second derivative of o**3/6 - 13*o**2/2 + o. Let s(v) = h*x(v) + 11*d(v). Determine s(5).
2
Let s(q) = 15*q + 5*q + 2 - q. Let g(h) = -9*h - 1. Let c(d) = -5*g(d) - 2*s(d). Determine c(-1).
-6
Let i(x) = -43 + 44 - 2*x - 14*x**2 + 4*x**2. What is i(1)?
-11
Let y(p) = -3*p**2 + 7 + 4*p**2 - 6*p - p. Let k = 38 + -32. Determine y(k).
1
Let z(s) = s + 8. Let t(c) = 3*c + 25. Let x(p) = -2*t(p) + 7*z(p). Calculate x(-4).
2
Suppose 6 + 6 = 4*v. Suppose -4*z = 5 + v. Let w(o) = 2*o + 1. What is w(z)?
-3
Let v(d) = -d - 1. Suppose -3*t = -69 + 3. Suppose 2*z + 2*h = 8, -3*z - 3*h = -5*h - t. Let u be (2 + 0)/(3/z). What is v(u)?
-5
Let o(n) be the third derivative of -1/24*n**4 - 2/15*n**5 - 1/6*n**3 + 0*n + 0 + n**2. Suppose -4*f - 3 - 1 = 0. Determine o(f).
-8
Let v(f) = -f**2 + 6 + f + 3*f + 2*f. Suppose -5*w = -19 - 11. Determine v(w).
6
Let x = 16 + -32. Let p = x - -16. Let t(v) = -v**2 + v - 2. Determine t(p).
-2
Suppose 2*o + 4*p + 2 = 6*p, 2*p = o - 2. Let c(u) = u**2 + 2*u. Give c(o).
8
Let y = 160 - 170. Let i(d) = -d**2 - 8*d. Determine i(y).
-20
Let l(n) = n - 5. Let a = -10 + 13. Give l(a).
-2
Let u be ((-54)/9)/(1 + -3). Let t(i) = 2 - u + 3*i - 6*i. Calculate t(-1).
2
Let c(o) = 5*o. Let t(m) = -4*m - 41. Let w be t(-10). Calculate c(w).
-5
Let j(t) = -7 + 11*t**3 + 5 - 8*t**2 - 12*t**3 - 6*t. Calculate j(-7).
-9
Let y(m) = -m**2 - 6*m - 1. Suppose -10 = 2*w + 3*w, -4*h - 12 = -4*w. What is y(h)?
4
Let v(t) = -11*t**2. Suppose -30*i = -34*i + 4. Give v(i).
-11
Let a(v) = v**2 - 4*v - 6. Let r be (-70)/21*(-9)/5. Calculate a(r).
6
Let h(n) = -n**2 + 2. Let m = -4 + 9. Suppose -5*a + m = -5. Let s be h(a). Let w(o) = o